{"id":3049,"date":"2022-05-24T15:44:58","date_gmt":"2022-05-24T13:44:58","guid":{"rendered":"https:\/\/bortziriak.eus\/?page_id=3049"},"modified":"2023-03-30T07:46:51","modified_gmt":"2023-03-30T06:46:51","slug":"plan-estrategico","status":"publish","type":"page","link":"https:\/\/bortziriak.eus\/es\/plan-estrategico\/","title":{"rendered":"Plan estrat\u00e9gico"},"content":{"rendered":"<section class=\"l-section wpb_row us_custom_34417342 height_auto\"><div class=\"l-section-h i-cf\"><div class=\"g-cols vc_row via_flex valign_top type_default stacking_default\"><div class=\"vc_col-sm-12 wpb_column vc_column_container\"><div class=\"vc_column-inner us_custom_e7f5d98a\"><div class=\"wpb_wrapper\"><div class=\"w-hwrapper valign_top wrap align_justify\" style=\"--hwrapper-gap:1rem\"><div class=\"w-vwrapper us_custom_6d960d6a align_none valign_top\"><div class=\"wpb_text_column\"><div class=\"wpb_wrapper\"><h1 align=\"JUSTIFY\"><b>Plan estrat\u00e9gico<\/b><\/h1>\n<\/div><\/div><div class=\"wpb_text_column us_custom_432d3f53\"><div class=\"wpb_wrapper\"><p>La mancomunidad llev\u00f3 a cabo durante el a\u00f1o 2020 un proceso de participaci\u00f3n ciudadana para la elaboraci\u00f3n del II. Plan Estrat\u00e9gico de normalizaci\u00f3n del euskera para el per\u00edodo 2021-2024. El proyecto de participaci\u00f3n inicial tuvo que limitarse a causa de las restricciones impuestas por la pandemia.<\/p>\n<p>El proceso fue guiado y dinamizado por un grupo motor, formado por el equipo t\u00e9cnico de la mancomunidad y de <a href=\"https:\/\/www.elhuyar.eus\/es\" target=\"_blank\" rel=\"noopener\">Elhuyar Aholkularitza<\/a>. En la primera fase se trabajaron los retos y los objetivos del plan para los pr\u00f3ximos a\u00f1os. Esta fase se tuvo que desarrollar a trav\u00e9s de formularios online, en los que participaron un total de 48 personas.<\/p>\n<p>A pesar de las restricciones, la segunda fase se pudo llevar a cabo de manera presencial en una sesi\u00f3n celebrada el 18 de septiembre, en la que s\u00f3lo pudieron participar 15 personas (aforo permitido en el momento). A trav\u00e9s de din\u00e1micas de grupo se trabaj\u00f3 sobre los distintos \u00e1mbitos y retos para cada eje del plan.<\/p>\n<p>Bas\u00e1ndose en las ideas recogidas a trav\u00e9s de los formularios, as\u00ed como en los resultados de la sesi\u00f3n presencial, el equipo t\u00e9cnico de la mancomunidad elabor\u00f3 el primer borrador de este II. Plan Estrat\u00e9gico, que fue completado con las aportaciones del personal t\u00e9cnico de otros servicios de euskera de la comunidad. El documento definitivo fue aprobado por unanimidad por la Comisi\u00f3n Ejecutiva de la mancomunidad el 30 de noviembre de 2020.<\/p>\n<p><a href=\"\/wp-content\/uploads\/2022\/11\/BEM-II.-plan-estragikoa-2021-2024.-Doku-interaktiboa.pdf\" target=\"_blank\" rel=\"noopener\"><span style=\"font-weight: 400;\">II. Plan estrat\u00e9gico del euskera de Bortziriak\u00a0<\/span><\/a><\/p>\n<\/div><\/div><\/div><div class=\"w-image us_custom_4ca9e8cc us_animate_this has_ratio align_none\"><div class=\"w-image-h\"><div style=\"padding-bottom:75%\"><\/div><img decoding=\"async\" width=\"1431\" height=\"1144\" src=\"https:\/\/bortziriak.eus\/wp-content\/uploads\/2022\/11\/BEM-II.-plan-estragikoa-2021-2024.jpg\" class=\"attachment-full size-full\" alt=\"\" loading=\"lazy\" \/><\/div><\/div><\/div><\/div><\/div><\/div><\/div><\/div><\/section><section class=\"l-section wpb_row us_custom_2659e9cb height_auto\"><div class=\"l-section-h i-cf\"><div class=\"g-cols vc_row via_flex valign_top type_default stacking_default\"><div class=\"vc_col-sm-12 wpb_column vc_column_container\"><div class=\"vc_column-inner us_custom_e7f5d98a\"><div class=\"wpb_wrapper\"><div class=\"w-hwrapper us_custom_de366d1c us_animate_this valign_top wrap align_left\" style=\"--hwrapper-gap:0\"><div class=\"w-vwrapper us_custom_e3ca7964 align_none valign_top\"><div class=\"wpb_text_column\"><div class=\"wpb_wrapper\"><h1>Sesi\u00f3n participativa para la elaboraci\u00f3n del II. Plan Estrat\u00e9gico<\/h1>\n<\/div><\/div><div class=\"wpb_text_column\"><div class=\"wpb_wrapper\"><p>El 18 de septiembre de 2020 se llev\u00f3 a cabo una sesi\u00f3n en la que participaron 15 personas, con el fin de reflexionar y acordar sobre los distintos \u00e1mbitos y retos para cada eje del plan. V\u00eddeo de resumen (en euskera).<\/p>\n<\/div><\/div><\/div><div class=\"w-video us_custom_950b497f align_none ratio_16x9 with_overlay has_iframe\" style=\"background-image:url(https:\/\/bortziriak.eus\/wp-content\/uploads\/2022\/12\/plan-estrategikoa-bideoa.jpg);\" onclick=\"return {&quot;player_id&quot;:&quot;youtube-d0bf&quot;,&quot;player_api&quot;:&quot;\\\/\\\/www.youtube.com\\\/player_api&quot;,&quot;player_html&quot;:&quot;&lt;div id=\\&quot;youtube-d0bf\\&quot;&gt;&lt;\\\/div&gt;&lt;script&gt;\\r\\n\\t\\t\\twindow.USYTPlayers = ( window.USYTPlayers || { initYTFunctions: [], optionsYT: [], USYTInited: false } );\\r\\n\\t\\t\\twindow.USYTPlayers.optionsYT.push( {\\r\\n\\t\\t\\t\\tplayerID: \\&quot;youtube-d0bf\\&quot;,\\r\\n\\t\\t\\t\\tvideoID: \\&quot;2lw_mGBNldI\\&quot;,\\r\\n\\t\\t\\t\\tplayerVars: {\\&quot;autoplay\\&quot;:1,\\&quot;controls\\&quot;:1,\\&quot;origin\\&quot;:\\&quot;https:\\\\\\\/\\\\\\\/bortziriak.eus\\\\\\\/es\\\\\\\/\\&quot;,\\&quot;loop\\&quot;:0,\\&quot;mute\\&quot;:0,\\&quot;playlist\\&quot;:\\&quot;2lw_mGBNldI\\&quot;}\\r\\n\\t\\t\\t} );\\r\\n\\t\\t\\tif ( window.USYTPlayers.USYTInited === false ) {\\r\\n\\t\\t\\t\\t\\\/\\\/ Trying to override other possible WP YT API calls if our element is used\\r\\n\\t\\t\\t\\twindow.USYTPlayers.USYTInited = true;\\r\\n\\r\\n\\t\\t\\t\\twindow.onYouTubePlayerAPIReady = function() {\\r\\n\\t\\t\\t\\t\\tfor ( var i in window.USYTPlayers.optionsYT ) {\\r\\n\\t\\t\\t\\t\\t\\tvar _playerParams = window.USYTPlayers.optionsYT[ i ];\\r\\n\\t\\t\\t\\t\\t\\t$us.YTPlayers[ _playerParams.playerID ] = new YT.Player( _playerParams.playerID, {\\r\\n\\t\\t\\t\\t\\t\\t\\tvideoId: _playerParams.videoID,\\r\\n\\t\\t\\t\\t\\t\\t\\tplayerVars: _playerParams.playerVars\\r\\n\\t\\t\\t\\t\\t\\t} );\\r\\n\\t\\t\\t\\t\\t}\\r\\n\\t\\t\\t\\t}\\r\\n\\t\\t\\t}\\r\\n\\t\\t\\tif ( !!window.YT ) {\\r\\n\\t\\t\\t\\t$us.YTPlayers[\\&quot;youtube-d0bf\\&quot;] = new YT.Player( \\&quot;youtube-d0bf\\&quot;, {\\r\\n\\t\\t\\t\\t\\tvideoId: \\&quot;2lw_mGBNldI\\&quot;,\\r\\n\\t\\t\\t\\t\\tplayerVars: {\\&quot;autoplay\\&quot;:1,\\&quot;controls\\&quot;:1,\\&quot;origin\\&quot;:\\&quot;https:\\\\\\\/\\\\\\\/bortziriak.eus\\\\\\\/es\\\\\\\/\\&quot;,\\&quot;loop\\&quot;:0,\\&quot;mute\\&quot;:0,\\&quot;playlist\\&quot;:\\&quot;2lw_mGBNldI\\&quot;}\\r\\n\\t\\t\\t\\t} );\\r\\n\\t\\t\\t}\\r\\n\\t\\t&lt;\\\/script&gt;&quot;}\"><button class=\"w-video-play\" type=\"button\" aria-label=\"Reproducir\"><span class=\"w-video-play-icon\" style=\"font-size:1.5rem;background:rgba(0,0,0,0.5);color:#fff\"><\/span><\/button><div class=\"w-video-h\"><\/div><\/div><\/div><\/div><\/div><\/div><\/div><\/div><\/section><section class=\"l-section wpb_row us_custom_eac5c415 height_auto\"><div class=\"l-section-h i-cf\"><div class=\"g-cols vc_row via_flex valign_top type_default stacking_default\"><div class=\"vc_col-sm-12 wpb_column vc_column_container\"><div class=\"vc_column-inner\"><div class=\"wpb_wrapper\"><div class=\"w-hwrapper us_custom_10679678 valign_top wrap align_left\"><div class=\"w-btn-wrapper align_none\"><a class=\"w-btn us-btn-style_4 us_custom_ad30c21f\" title=\"Planes anuales\" href=\"\/es\/plan-estrategico\/planes-anuales\/\"><span class=\"w-btn-label\">Planes anuales<\/span><\/a><\/div><div class=\"w-btn-wrapper align_none\"><a class=\"w-btn us-btn-style_4 us_custom_ad30c21f\" title=\"Memorias\" href=\"\/es\/plan-estrategico\/memorias\/\"><span class=\"w-btn-label\">Memorias<\/span><\/a><\/div><\/div><\/div><\/div><\/div><\/div><\/div><\/section>\n","protected":false},"excerpt":{"rendered":"Plan estrat\u00e9gico La mancomunidad llev\u00f3 a cabo durante el a\u00f1o 2020 un proceso de participaci\u00f3n ciudadana para la elaboraci\u00f3n del II. Plan Estrat\u00e9gico de normalizaci\u00f3n del euskera para el per\u00edodo 2021-2024. El proyecto de participaci\u00f3n inicial tuvo que limitarse a causa de las restricciones impuestas por la pandemia. El proceso fue guiado y dinamizado por...","protected":false},"author":4,"featured_media":0,"parent":0,"menu_order":0,"comment_status":"closed","ping_status":"closed","template":"","meta":{"_acf_changed":false,"footnotes":""},"class_list":["post-3049","page","type-page","status-publish","hentry"],"acf":[],"_links":{"self":[{"href":"https:\/\/bortziriak.eus\/es\/wp-json\/wp\/v2\/pages\/3049","targetHints":{"allow":["GET"]}}],"collection":[{"href":"https:\/\/bortziriak.eus\/es\/wp-json\/wp\/v2\/pages"}],"about":[{"href":"https:\/\/bortziriak.eus\/es\/wp-json\/wp\/v2\/types\/page"}],"author":[{"embeddable":true,"href":"https:\/\/bortziriak.eus\/es\/wp-json\/wp\/v2\/users\/4"}],"replies":[{"embeddable":true,"href":"https:\/\/bortziriak.eus\/es\/wp-json\/wp\/v2\/comments?post=3049"}],"version-history":[{"count":10,"href":"https:\/\/bortziriak.eus\/es\/wp-json\/wp\/v2\/pages\/3049\/revisions"}],"predecessor-version":[{"id":5998,"href":"https:\/\/bortziriak.eus\/es\/wp-json\/wp\/v2\/pages\/3049\/revisions\/5998"}],"wp:attachment":[{"href":"https:\/\/bortziriak.eus\/es\/wp-json\/wp\/v2\/media?parent=3049"}],"curies":[{"name":"wp","href":"https:\/\/api.w.org\/{rel}","templated":true}]}}

Plan estratégico

<section class="l-section wpb_row us_custom_34417342 height_auto"><div class="l-section-h i-cf"><div class="g-cols vc_row via_flex valign_top type_default stacking_default"><div class="vc_col-sm-12 wpb_column vc_column_container"><div class="vc_column-inner us_custom_e7f5d98a"><div class="wpb_wrapper"><div class="w-hwrapper valign_top wrap align_justify" style="--hwrapper-gap:1rem"><div class="w-vwrapper us_custom_6d960d6a align_none valign_top"><div class="wpb_text_column"><div class="wpb_wrapper"><h1 align="JUSTIFY"><b>Plan estratégico</b></h1>
</div></div><div class="wpb_text_column us_custom_432d3f53"><div class="wpb_wrapper"><p>La mancomunidad llevó a cabo durante el año 2020 un proceso de participación ciudadana para la elaboración del II. Plan Estratégico de normalización del euskera para el período 2021-2024. El proyecto de participación inicial tuvo que limitarse a causa de las restricciones impuestas por la pandemia.</p>
<p>El proceso fue guiado y dinamizado por un grupo motor, formado por el equipo técnico de la mancomunidad y de <a href="https://www.elhuyar.eus/es" target="_blank" rel="noopener">Elhuyar Aholkularitza</a>. En la primera fase se trabajaron los retos y los objetivos del plan para los próximos años. Esta fase se tuvo que desarrollar a través de formularios online, en los que participaron un total de 48 personas.</p>
<p>A pesar de las restricciones, la segunda fase se pudo llevar a cabo de manera presencial en una sesión celebrada el 18 de septiembre, en la que sólo pudieron participar 15 personas (aforo permitido en el momento). A través de dinámicas de grupo se trabajó sobre los distintos ámbitos y retos para cada eje del plan.</p>
<p>Basándose en las ideas recogidas a través de los formularios, así como en los resultados de la sesión presencial, el equipo técnico de la mancomunidad elaboró el primer borrador de este II. Plan Estratégico, que fue completado con las aportaciones del personal técnico de otros servicios de euskera de la comunidad. El documento definitivo fue aprobado por unanimidad por la Comisión Ejecutiva de la mancomunidad el 30 de noviembre de 2020.</p>
<p><a href="/wp-content/uploads/2022/11/BEM-II.-plan-estragikoa-2021-2024.-Doku-interaktiboa.pdf" target="_blank" rel="noopener"><span style="font-weight: 400;">II. Plan estratégico del euskera de Bortziriak </span></a></p>
</div></div></div><div class="w-image us_custom_4ca9e8cc us_animate_this has_ratio align_none"><div class="w-image-h"><div style="padding-bottom:75%"></div><img decoding="async" width="1431" height="1144" src="https://bortziriak.eus/wp-content/uploads/2022/11/BEM-II.-plan-estragikoa-2021-2024.jpg" class="attachment-full size-full" alt="" loading="lazy" /></div></div></div></div></div></div></div></div></section><section class="l-section wpb_row us_custom_2659e9cb height_auto"><div class="l-section-h i-cf"><div class="g-cols vc_row via_flex valign_top type_default stacking_default"><div class="vc_col-sm-12 wpb_column vc_column_container"><div class="vc_column-inner us_custom_e7f5d98a"><div class="wpb_wrapper"><div class="w-hwrapper us_custom_de366d1c us_animate_this valign_top wrap align_left" style="--hwrapper-gap:0"><div class="w-vwrapper us_custom_e3ca7964 align_none valign_top"><div class="wpb_text_column"><div class="wpb_wrapper"><h1>Sesión participativa para la elaboración del II. Plan Estratégico</h1>
</div></div><div class="wpb_text_column"><div class="wpb_wrapper"><p>El 18 de septiembre de 2020 se llevó a cabo una sesión en la que participaron 15 personas, con el fin de reflexionar y acordar sobre los distintos ámbitos y retos para cada eje del plan. Vídeo de resumen (en euskera).</p>
</div></div></div><div class="w-video us_custom_950b497f align_none ratio_16x9 with_overlay has_iframe" style="background-image:url(https://bortziriak.eus/wp-content/uploads/2022/12/plan-estrategikoa-bideoa.jpg);" onclick="return {&quot;player_id&quot;:&quot;youtube-d0bf&quot;,&quot;player_api&quot;:&quot;\/\/www.youtube.com\/player_api&quot;,&quot;player_html&quot;:&quot;&lt;div id=\&quot;youtube-d0bf\&quot;&gt;&lt;\/div&gt;&lt;script&gt;\r\n\t\t\twindow.USYTPlayers = ( window.USYTPlayers || { initYTFunctions: [], optionsYT: [], USYTInited: false } );\r\n\t\t\twindow.USYTPlayers.optionsYT.push( {\r\n\t\t\t\tplayerID: \&quot;youtube-d0bf\&quot;,\r\n\t\t\t\tvideoID: \&quot;2lw_mGBNldI\&quot;,\r\n\t\t\t\tplayerVars: {\&quot;autoplay\&quot;:1,\&quot;controls\&quot;:1,\&quot;origin\&quot;:\&quot;https:\\\/\\\/bortziriak.eus\\\/es\\\/\&quot;,\&quot;loop\&quot;:0,\&quot;mute\&quot;:0,\&quot;playlist\&quot;:\&quot;2lw_mGBNldI\&quot;}\r\n\t\t\t} );\r\n\t\t\tif ( window.USYTPlayers.USYTInited === false ) {\r\n\t\t\t\t\/\/ Trying to override other possible WP YT API calls if our element is used\r\n\t\t\t\twindow.USYTPlayers.USYTInited = true;\r\n\r\n\t\t\t\twindow.onYouTubePlayerAPIReady = function() {\r\n\t\t\t\t\tfor ( var i in window.USYTPlayers.optionsYT ) {\r\n\t\t\t\t\t\tvar _playerParams = window.USYTPlayers.optionsYT[ i ];\r\n\t\t\t\t\t\t$us.YTPlayers[ _playerParams.playerID ] = new YT.Player( _playerParams.playerID, {\r\n\t\t\t\t\t\t\tvideoId: _playerParams.videoID,\r\n\t\t\t\t\t\t\tplayerVars: _playerParams.playerVars\r\n\t\t\t\t\t\t} );\r\n\t\t\t\t\t}\r\n\t\t\t\t}\r\n\t\t\t}\r\n\t\t\tif ( !!window.YT ) {\r\n\t\t\t\t$us.YTPlayers[\&quot;youtube-d0bf\&quot;] = new YT.Player( \&quot;youtube-d0bf\&quot;, {\r\n\t\t\t\t\tvideoId: \&quot;2lw_mGBNldI\&quot;,\r\n\t\t\t\t\tplayerVars: {\&quot;autoplay\&quot;:1,\&quot;controls\&quot;:1,\&quot;origin\&quot;:\&quot;https:\\\/\\\/bortziriak.eus\\\/es\\\/\&quot;,\&quot;loop\&quot;:0,\&quot;mute\&quot;:0,\&quot;playlist\&quot;:\&quot;2lw_mGBNldI\&quot;}\r\n\t\t\t\t} );\r\n\t\t\t}\r\n\t\t&lt;\/script&gt;&quot;}"><button class="w-video-play" type="button" aria-label="Reproducir"><span class="w-video-play-icon" style="font-size:1.5rem;background:rgba(0,0,0,0.5);color:#fff"></span></button><div class="w-video-h"></div></div></div></div></div></div></div></div></section><section class="l-section wpb_row us_custom_eac5c415 height_auto"><div class="l-section-h i-cf"><div class="g-cols vc_row via_flex valign_top type_default stacking_default"><div class="vc_col-sm-12 wpb_column vc_column_container"><div class="vc_column-inner"><div class="wpb_wrapper"><div class="w-hwrapper us_custom_10679678 valign_top wrap align_left"><div class="w-btn-wrapper align_none"><a class="w-btn us-btn-style_4 us_custom_ad30c21f" title="Planes anuales" href="/es/plan-estrategico/planes-anuales/"><span class="w-btn-label">Planes anuales</span></a></div><div class="w-btn-wrapper align_none"><a class="w-btn us-btn-style_4 us_custom_ad30c21f" title="Memorias" href="/es/plan-estrategico/memorias/"><span class="w-btn-label">Memorias</span></a></div></div></div></div></div></div></div></section>

Plan estratégico La mancomunidad llevó a cabo durante el año 2020 un proceso de participación ciudadana para la elaboración del II. Plan Estratégico de normalización del euskera para el período 2021-2024. El proyecto de participación inicial tuvo que limitarse a causa de las restricciones impuestas por la pandemia. El proceso fue guiado y dinamizado por...
